he remainder when x(5) is divided by (-2)/(-4)*(-18)/(-1).
7
Let s(y) = -y - 13. Let b be s(-13). Suppose 0 = 2*l + 2*l - 4*c - 20, b = 5*l + 5*c + 5. What is the remainder when 17 is divided by l?
1
Suppose 0 = -3*f - 4*y + 6 + 18, -5*y = -f - 11. Let p = 13 - f. Calculate the remainder when 7 is divided by p/3 - (1 - 1).
1
Let m(o) = 4*o + 18. Let q be m(8). Let s = q - 16. Suppose -5*k + 182 = 5*p - 333, -2*k + 178 = -5*p. What is the remainder when k is divided by s?
31
Let f be (-9)/(-2) + (-4)/8. Suppose 3*k - f*k + 20 = 0. Suppose 3031 = 55*b + 886. Calculate the remainder when b is divided by k.
19
Let i(f) = 4*f**2 - 3*f - 24. Let a be i(-5). Let b = a + -14. What is the remainder when b is divided by 39?
38
Let q(h) = h**2 + 11*h - 25. Let o be q(-13). What is the remainder when (2 - (-2 - -5))*(o - 124) is divided by 31?
30
Let y = 89 - 34. Suppose -2*a - 3*k + 7*k = -70, y = 3*a + 4*k. What is the remainder when a is divided by ((-2)/3)/((-88)/924)?
4
What is the remainder when ((710/3)/(-5))/(48/(-216)) is divided by 70?
3
Let k(v) = v**2 + 15*v + 70. What is the remainder when k(-11) is divided by 18?
8
Let m(j) = j + 1. Let k be m(-2). Let q(v) = -v**3 + 2*v**2 - 1. Suppose -2*i + 4*i = -6, 3*o - 5*i = 36. What is the remainder when o is divided by q(k)?
1
Let y = 67 - 45. Let s(j) = j**2 + 10*j + 10. Suppose -2*n - 2*t = -14, -4*t - 17 = -7*n + 2*n. Calculate the remainder when s(n) is divided by y.
19
Let r(h) = 10*h**3 - h**2 + 4*h - 9. Calculate the remainder when r(2) is divided by 42.
33
Let a(m) = -8*m + 20. What is the remainder when a(-11) is divided by 10?
8
Suppose -2*t - 3*g + 52 = 0, -4*t + 0*t = 5*g - 100. Calculate the remainder when 65 is divided by t.
5
Let k = 87 + -55. Let r = -9 + k. What is the remainder when 136 is divided by r?
21
What is the remainder when (-9389)/(-287) + (-2)/(-7) is divided by 6?
3
Let j(a) = a**3 + 8*a**2 + 5*a + 1. Let s(v) = -4*v + 3*v + 17*v - 4*v. What is the remainder when j(-4) is divided by s(1)?
9
Let f(y) = y**2 - 7*y - 5. Let n be (16 + -14)*(1 - -3). Calculate the remainder when 3 is divided by f(n).
0
Suppose -n + 2 = -3*m, -2*m - 52 + 4 = -4*n. What is the remainder when (-3)/((-419)/52 - -8) is divided by n?
10
Suppose 3*o = 4*d - 2393 + 798, 5*o = -5*d + 1985. Calculate the remainder when d is divided by 8.
6
Let j(a) = a**2 - 13*a + 22. Let i be j(11). Let f(w) = -w**2 + 12. Let t = -11 - -16. Calculate the remainder when f(i) is divided by t.
2
Let r(i) = -38*i - 203. What is the remainder when r(-20) is divided by 31?
30
Suppose 22*v = 60 - 16. What is the remainder when 29 is divided by v?
1
What is the remainder when (-2 + 279/(-12))/((-4)/16) is divided by 18?
11
Suppose 20502*i - 20513*i + 5236 = 0. Calculate the remainder when i is divided by 20.
16
Let t = 18 + 66. Suppose g = -3*d - 0*d + 111, -t = -2*d - 4*g. What is the remainder when 177 is divided by d?
33
Suppose 3 = 2*x - 3*z, 12*z = 2*x + 8*z + 2. Let g = -24 - -57. Calculate the remainder when g is divided by x.
6
Let n be (8/(-10))/((-54)/2565). Suppose -11 + 83 = 2*v. Calculate the remainder when v is divided by (n/5 - -2) + 4/10.
6
Let t = 46 - -45. What is the remainder when t is divided by 19?
15
Let f = 1779 - 1061. What is the remainder when f is divided by 90?
88
Let h be 1 + -1 + (-10 - -13). Let p(j) = j**3 - j**2 + 2*j + 2. Let c be p(h). Let k = 47 - c. Calculate the remainder when k is divided by 11.
10
Let y(w) = w**2 - 3*w - 4. Let g be y(3). Calculate the remainder when ((-54)/(-5))/(g/(-10)) is divided by 10.
7
Let h(f) = 10*f**2 + 3*f - 3. Let y(r) = -313*r + 2515. Calculate the remainder when h(2) is divided by y(8).
10
Calculate the remainder when (5 - -188) + 1 + 5 is divided by 51.
46
Suppose o + z - 30 = 69, 0 = -4*z + 12. What is the remainder when o is divided by (66/(-6))/(2/(-6))?
30
Let t(h) = -h - 5. Let i be t(-8). Suppose -18 = -i*f + 2*f + 2*w, -2*f + 5*w + 36 = 0. What is the remainder when 69 is divided by f?
15
Let q = -5 + 11. Suppose q = o + z, 4*z - 6 = 3*o + z. Suppose -j + o + 2 = 0. Calculate the remainder when j is divided by 2.
0
Let n(s) be the third derivative of s**5/60 - s**4/12 - s**3 + 4*s**2. Calculate the remainder when 35 is divided by n(6).
17
Let i = -21 + 26. Suppose -i*s - 4*q = -345, -2*s + 182 = 3*q + 44. Calculate the remainder when s is divided by 18.
15
Suppose -3*f + 111 = -3*d, 140 = -5*f - 2*d + 346. What is the remainder when 69 is divided by f?
29
Let f(x) = -2*x**2 + x + 1. Let s be f(1). Suppose -4*t + 0*t + 64 = s. Let i = 129 - 68. Calculate the remainder when i is divided by t.
13
Let q(d) = 12*d - 10. Let c = 23 - 11. Suppose -13*l = -9*l - c. Calculate the remainder when 103 is divided by q(l).
25
Calculate the remainder when (118/4)/((-19)/(-76)) is divided by 17.
16
What is the remainder when 81 is divided by (217/62)/((12/8)/3)?
4
Let j = -703 - -858. Calculate the remainder when j is divided by 72.
11
Let n(r) = 14*r - 3. Let m be n(2). Let w = -13 + m. Suppose a + h - 16 = 0, -2*a + 3*h = -6*a + 68. What is the remainder when a is divided by w?
8
Let k = 687 - 644. Calculate the remainder when 66 is divided by k.
23
Let b(i) = -i**3 + i + 12. Let a be b(0). Suppose z - 2*q = 3*z + 36, 3*q + a = 0. Let s = -7 - z. What is the remainder when s is divided by 3?
1
Let h = 10 + -1. Suppose -h - 7 = -4*m, b + 4 = 5*m. Calculate the remainder when 46 - 0 - (-1 + 1) is divided by b.
14
Suppose -3*g + 76 = 4. Let z be (g/(-9))/(6/(-45)). Suppose a - 22 = z. Calculate the remainder when a is divided by 15.
12
Let f(t) = 3*t**3 - 77*t**2 + 67*t + 29. What is the remainder when f(25) is divided by 156?
142
Suppose -125 = -11*q + 7. What is the remainder when (0 - -38) + (-7 - -4) is divided by q?
11
Let a(g) = 5*g**2 - g - 3. Let o(j) = -60*j - 2. Calculate the remainder when o(-1) is divided by a(2).
13
Suppose 10*j = 4*b + 5*j - 94, -3*j = -2*b + 46. What is the remainder when 384 is divided by b?
20
Suppose -2*f = -b - 1, -4*b - 2*f = -0*f + 4. Let y = b + 14. Let j = 59 - 21. Calculate the remainder when j is divided by y.
12
What is the remainder when 78 is divided by ((-3)/2)/(13 - (-856)/(-64))?
2
Suppose 2*l - 6 = 0, -l + 3*l = 3*k - 54. What is the remainder when k is divided by 14?
6
Suppose -t + 82 + 72 = -3*k, 4*k + 600 = 4*t. What is the remainder when t is divided by 50?
48
Let h = -14 + 32. Suppose 3*r - 132 = -2*m + 123, 3*r + 483 = 4*m. Calculate the remainder when m is divided by h.
15
Suppose 4*j - j - 3*a = 0, -4*a = -12. Suppose h + 1 = j. Suppose -28 = -2*t - h*t. What is the remainder when 12 is divided by t?
5
Suppose 5*a - 10*a - b + 110 = 0, -3*a = 3*b - 54. What is the remainder when 47 is divided by a?
1
Let k(a) = -a**2 - 6*a + 9. Let q be k(-7). Suppose q*o = -0*o + 4. Suppose -6*y + 48 = -o*y. Calculate the remainder when 47 is divided by y.
11
What is the remainder when 320/720 - (33595/(-9))/5 is divided by 50?
47
Let o(v) = v**3 + 14*v**2 - 17*v + 14. Let x = 10 + 5. Calculate the remainder when o(-15) is divided by x.
14
Suppose 2*l = -w + 66, 0*w - 4*w + 4*l = -240. Let g be w/(-4) + (-5)/(-10). Let r = 5 - g. What is the remainder when r is divided by 11?
9
Let x(k) = -k**2 + 21*k + 25. Let u be x(12). Suppose -4*d + d + 16 = 4*a, a = -d + 5. Suppose d*j - 7 = u. What is the remainder when 137 is divided by j?
32
Let f be (-1 - 6/(-4))*4. Let b be (1 + f)*13 + -2. Suppose b = 4*q + 1. What is the remainder when q is divided by 6?
3
Let d = -578 - -604. What is the remainder when 50 is divided by d?
24
Suppose 8 = s - 26. Calculate the remainder when 89 is divided by s.
21
Let k = 19 + -22. Let x = k + 105. Calculate the remainder when x is divided by 35.
32
Suppose -320 = 4*u - 4*p, 14 = 4*u - p + 349. Calculate the remainder when u/(-5)*(2 - 1) is divided by 7.
3
Let d = 288 + -244. What is the remainder when d is divided by 5?
4
Suppose 3*p = -4*w + 78, -p = 3*w - 87 + 26. What is the remainder when 59 is divided by w?
17
Let p = -266 + 303. Calculate the remainder when 101 is divided by p.
27
What is the remainder when 26*(-148)/(-11) + 26/143 is divided by 93?
71
Suppose -44565 + 13665 = -30*l. What is the remainder when l is divided by 43?
41
Let q be (-322)/5 + (42/10)/(-7). Let g = q + 79.